399 is divided by 76776.
71
What is the remainder when 108031476 is divided by 543?
540
What is the remainder when 2119068 is divided by 55?
28
What is the remainder when 79220 is divided by 19796?
36
What is the remainder when 577604 is divided by 3984?
3908
Calculate the remainder when 1241188 is divided by 65325.
13
Calculate the remainder when 182140991 is divided by 3553.
3552
Calculate the remainder when 263134719 is divided by 175.
169
Calculate the remainder when 2538168 is divided by 37883.
7
Calculate the remainder when 7482082 is divided by 115.
67
What is the remainder when 276218701 is divided by 721?
717
What is the remainder when 423245 is divided by 211612?
21
Calculate the remainder when 63345459 is divided by 192.
51
Calculate the remainder when 31518 is divided by 821.
320
Calculate the remainder when 44451 is divided by 4427.
181
Calculate the remainder when 1991222 is divided by 30169.
68
What is the remainder when 170768 is divided by 1018?
762
What is the remainder when 1693725 is divided by 282287?
3
Calculate the remainder when 877783 is divided by 610.
603
What is the remainder when 100775356 is divided by 259?
10
What is the remainder when 71710 is divided by 14314?
140
What is the remainder when 27122813 is divided by 2317?
11
What is the remainder when 18025119 is divided by 1905?
9
What is the remainder when 3944276 is divided by 21?
14
What is the remainder when 3838380 is divided by 35?
0
What is the remainder when 66311978 is divided by 205?
13
Calculate the remainder when 5329821 is divided by 5329788.
33
Calculate the remainder when 7910111 is divided by 46.
43
Calculate the remainder when 12820318 is divided by 101.
85
Calculate the remainder when 1297368 is divided by 33.
6
Calculate the remainder when 28136635 is divided by 4452.
4447
Calculate the remainder when 140605 is divided by 28095.
130
Calculate the remainder when 335831 is divided by 15949.
902
What is the remainder when 383102 is divided by 191341?
420
Calculate the remainder when 505089 is divided by 2450.
389
What is the remainder when 1602191 is divided by 19780?
11
What is the remainder when 75957 is divided by 2311?
2005
Calculate the remainder when 130848134 is divided by 52634.
10
What is the remainder when 8840794 is divided by 34003?
14
What is the remainder when 1189622 is divided by 61?
0
Calculate the remainder when 20723 is divided by 3098.
2135
Calculate the remainder when 503578 is divided by 63.
19
Calculate the remainder when 15071931 is divided by 2260.
2251
What is the remainder when 29436 is divided by 1276?
88
Calculate the remainder when 1094968374 is divided by 3323.
3321
Calculate the remainder when 1442989 is divided by 10.
9
What is the remainder when 274613 is divided by 255?
233
What is the remainder when 91848 is divided by 1528?
168
Calculate the remainder when 68729641 is divided by 1699.
1693
Calculate the remainder when 3552996 is divided by 46.
2
What is the remainder when 2107 is divided by 684?
55
Calculate the remainder when 450372 is divided by 1558.
110
Calculate the remainder when 15189981 is divided by 434.
415
Calculate the remainder when 134335 is divided by 3684.
1711
Calculate the remainder when 116707 is divided by 8270.
927
Calculate the remainder when 406014 is divided by 100624.
3518
What is the remainder when 3485819 is divided by 2180?
2179
What is the remainder when 11129366 is divided by 41?
39
What is the remainder when 19464926 is divided by 452?
450
Calculate the remainder when 319033 is divided by 199.
36
What is the remainder when 86580 is divided by 2620?
120
What is the remainder when 2556916 is divided by 4341?
67
What is the remainder when 84143496 is divided by 359?
358
What is the remainder when 1496972 is divided by 1496861?
111
What is the remainder when 81394 is divided by 4438?
1510
What is the remainder when 10333367 is divided by 861107?
83
What is the remainder when 3188789 is divided by 151843?
86
Calculate the remainder when 682082 is divided by 227027.
1001
Calculate the remainder when 1528716 is divided by 948.
540
Calculate the remainder when 98331 is divided by 240.
171
What is the remainder when 21079 is divided by 20570?
509
Calculate the remainder when 17459 is divided by 7487.
2485
Calculate the remainder when 1092812430 is divided by 16.
14
What is the remainder when 8043321 is divided by 4578?
4353
What is the remainder when 54276 is divided by 2161?
251
What is the remainder when 1029756 is divided by 273?
0
What is the remainder when 89019685 is divided by 6012?
1
What is the remainder when 109987029 is divided by 6?
3
What is the remainder when 8476777 is divided by 221?
101
What is the remainder when 1073543 is divided by 27?
23
Calculate the remainder when 386810 is divided by 7032.
50
What is the remainder when 202512 is divided by 6983?
5
What is the remainder when 960849 is divided by 320280?
9
Calculate the remainder when 18295804 is divided by 1829578.
24
Calculate the remainder when 1810194 is divided by 168.
162
Calculate the remainder when 13339083 is divided by 6669500.
83
Calculate the remainder when 2946452 is divided by 185.
142
Calculate the remainder when 6135149 is divided by 353.
9
Calculate the remainder when 9801222 is divided by 2205.
2202
Calculate the remainder when 147214 is divided by 944.
894
Calculate the remainder when 40497210 is divided by 463.
452
Calculate the remainder when 14515902 is divided by 1168.
1166
Calculate the remainder when 3175412 is divided by 1587187.
1038
What is the remainder when 11309349 is divided by 5654672?
5
What is the remainder when 70116 is divided by 1994?
326
What is the remainder when 239722223 is divided by 16?
15
Calculate the remainder when 158948 is divided by 39695.
168
Calculate the remainder when 6318453 is divided by 1263689.
8
Calculate the remainder when 808494 is divided by 77.
71
Calculate the remainder when 12370204 is divided by 73.
62
What is the remainder when 391323 is divided by 196?
107
What is the remainder when 934113257 is divided by 9?
8
Calculate the remainder when 285439 is divided by 29.
21
Calculate the remainder when 255638 is divided by 3043.
26
What is the remainder when 66965 is divided by 158?
131
What is the remainder when 1508837 is divided by 419?
18
Calculate the remainder when 431474 is divided by 215204.
1066
What is the remainder when 824172 is divided by 823853?
319
What is the remainder when 7851771 is divided by 21?
18
What is the remainder when 11984121 is divided by 338?
331
What is the remainder when 8631932 is divided by 8316?
8240
What is the remainder when 255789 is divided by 254280?
1509
Calculate the remainder when 706963 is divided by 672.
19
Calculate the remainder when 225109 is divided by 8038.
45
What is the remainder when 1953420 is divided by 93020?
0
Calculate the remainder when 145428 is divided by 43.
2
Calculate the remainder when 310422 is divided by 1870.
2
What is the remainder when 90483 is divided by 12844?
575
What is the remainder when 7507379 is divided by 60?
59
What is the remainder when 107854 is divided by 35691?
781
What is the remainder when 10520901 is divided by 10520775?
126
Calculate the remainder when 55027 is divided by 6058.
505
Calculate the remainder when 1544527 is divided by 386024.
431
What is the remainder when 193413247 is divided by 32235539?
13
What is the remainder when 17700798 is divided by 5980?
5978
Calculate the remainder when 1852956 is divided by 617633.
57
Calculate the remainder when 171383 is divided by 55415.
5138
Calculate the remainder when 1414718 is divided by 5377.
567
What is the remainder when 97802240 is divided by 2312?
16
Calculate the remainder when 490250 is divided by 4153.
196
Calculate the remainder when 5783792 is divided by 5783770.
22
Calculate the remainder when 233992 is divided by 46797.
7
What is the remainder when 15388541 is divided by 1013?
58
Calculate the remainder when 34656299 is divided by 1225.
1049
What is the remainder when 102293 is divided by 6?
5
Calculate the remainder when 38101 is divided by 405.
31
Calculate the remainder when 3443512 is divided by 577.
553
What is the remainder when 2806007 is divided by 467663?
29
Calculate the remainder when 1339397 i